 Let s be t(0). Suppose 0 = -f - f + s. Let u = -5 + 38. What is the remainder when u is divided by f?
6
Let u(w) = 38*w + 232. Let i be u(-6). Suppose -15 = -5*x, d - i*x = -x + 147. Calculate the remainder when d is divided by 18.
12
Let b = -98 - -110. Suppose 0*y - 21 = -y. Suppose 5*t - 185 = -3*z, -2*t + 4*z = -69 + y. What is the remainder when t is divided by b?
10
Suppose -5*d = -104 + 29. Let y(n) = n**3 + 17*n**2 + 106*n + 1221. What is the remainder when y(-15) is divided by d?
6
Let k = 362 - 355. Suppose -k*v + 365 = -517. What is the remainder when v is divided by 22?
16
Let r = 9 - 6. Suppose -b + 22 = 3*i, r*i - 8*i = -b + 22. Suppose -b = -2*j + 30. Calculate the remainder when j is divided by 13.
0
Suppose 121*c - 5*p = 118*c + 146, 2*c = -p + 80. Let v = -211 + 543. Calculate the remainder when v is divided by c.
38
Let w = 58 - 59. Calculate the remainder when (-7 - -11) + (14 - w) is divided by 7.
5
Suppose 5*d - 559 = -11*j, 2*d + 7*j - 226 = 5*j. What is the remainder when 228 is divided by d?
0
Let q(u) = -3*u**2 + 4*u - 49. Let t be q(-9). Let i = t + 339. Let b(z) = z**3 + 9*z**2 + 3*z - 5. Calculate the remainder when b(-4) is divided by i.
8
Let s(c) = -8*c + 67. Let y be s(8). Suppose y*t - 30 = b - 5*b, 0 = -5*t - 3*b + 61. Suppose 5*a = a + 160. What is the remainder when a is divided by t?
12
Suppose 0*i - 3*n = -4*i - 7, 3*i - 3 = 5*n. Let o be 0 + i - (5 - -6). Let f(h) = h**2 + 4*h + 18. Calculate the remainder when f(o) is divided by 31.
28
Let z(m) = m**3 + 6*m**2 - 15*m + 69. Let f(y) = -3*y**2 - y**3 + 0*y**2 - 2*y**2 - 4. Calculate the remainder when z(-7) is divided by f(-6).
29
Suppose -4*i = -3*a + 279, -4*a - 2*i - i + 397 = 0. Suppose -101 = -3*b - 4*v, -5*v = -30*b + 35*b - 170. What is the remainder when a is divided by b?
27
Suppose 97*j + 188*j - 29062 = -3982. Calculate the remainder when 136 is divided by j.
48
What is the remainder when 245 is divided by (152 - 2) + (-888)/148?
101
Suppose -5*v - 3*o = -346, 3*v - 4*o = 2*v + 60. Calculate the remainder when v is divided by ((-273)/(-35) - 6)*5.
5
Let k = -4289 + 4450. Calculate the remainder when k is divided by 34.
25
Let v(k) = k**3 + 18*k**2 + 21*k + 68. Let d be v(-17). Suppose -16*f + 2*f + 196 = d. Calculate the remainder when 346 is divided by f.
10
Suppose 14423 = 122*u - 39745. What is the remainder when 1356 is divided by u?
24
Let s(m) = -m**3 - 11*m**2 - 10*m - 3. Let u be s(-10). Let x be u*(-13)/3 - 2. Suppose -3*v + x = -7. Calculate the remainder when 10 is divided by v.
4
Let m = -8468 + 8504. Calculate the remainder when 23864 is divided by m.
32
Let o(c) = -9*c**2 + 98*c - 4. Calculate the remainder when o(3) is divided by 148.
61
Let l be (4/(-2))/(-1 + (0 - 0)). Let x be (14/(-42))/(l/(-582)). Suppose -3*b + x = -2*b + u, -4*b + 388 = -3*u. What is the remainder when b is divided by 20?
17
Let o(a) = -4*a**3 + 40*a**2 - 2*a - 158. What is the remainder when o(9) is divided by 76?
72
Suppose -60*l + 82*l - 374 = 0. Suppose -4*r = 1 - 9. Suppose r*c + 2*p + p - 33 = 0, 2*p + 6 = c. What is the remainder when l is divided by c?
5
Let s = 22793 + -22516. What is the remainder when 1411 is divided by s?
26
Let o(f) = -4*f**3 + 108*f**2 + f + 166. Calculate the remainder when 382 is divided by o(27).
189
Suppose -291*a + 960 = -306*a. Let d = 0 + -1. Calculate the remainder when (d - (a - 1)) + (-14)/(-7) is divided by 24.
18
Suppose -3*m + 3*r - 1031 = -53, 0 = -5*m + 4*r - 1629. Let n = -320 - m. Let t(b) = b**3 - 5*b**2 + 6*b - 7. What is the remainder when t(5) is divided by n?
3
Let n(f) = 2*f**2 + 14*f - 30. Calculate the remainder when 107 is divided by n(-11).
49
Let b(p) = 23 + 2 - 3*p + p. Let x be b(16). Let d(v) = v**3 + 7*v**2 + 11. What is the remainder when d(x) is divided by 2?
1
Let v(w) = w**3 - 2*w**2 + 15*w - 40. Let n be 6/(-2) + 14/2. Suppose 9 - 29 = -n*y. Calculate the remainder when v(3) is divided by y.
4
Let r = 41 - 7. Suppose 7*l - 104 = 3*l - 4*s, -l = -3*s - r. Let p = -113 + 168. What is the remainder when p is divided by l?
27
Let l be 28/8 - (-2)/4. Calculate the remainder when 1*(-4)/l*-22 is divided by 3*(-16)/(-12) - -9.
9
Calculate the remainder when 592 is divided by ((-132)/(-5 - -11))/((-12)/18 - 0).
31
Let m be -3*(6 + (-28448)/21). What is the remainder when (-3)/10 - m/(-20) is divided by 51/(-2 - (-2 - 1))?
49
Suppose 0 = 3*l + 23 - 221. Suppose 2*f - 5*x - 63 = 0, 2*f + x = 5*x + l. What is the remainder when 36/(-126)*-14 - -151 is divided by f?
38
Let v(y) = -23*y**2 - 168*y - 10. Calculate the remainder when 360 is divided by v(-6).
20
Let n be 4/((-9)/2 - 32/(-8)). Let c(m) = -3*m + 70. What is the remainder when c(n) is divided by 26?
16
Let v(z) = z**3 - 5*z**2 - 14*z + 160. Calculate the remainder when v(15) is divided by 31.
30
Suppose -16*y = 7*y + 40*y - 68607. What is the remainder when y is divided by 215?
14
Suppose 55*y - 56*y = -5*v - 158, 5*v = -5*y + 970. Calculate the remainder when 354 is divided by y.
166
Suppose 12*m - 2*m = 460. Suppose -3*o = -8*o + 65. Calculate the remainder when m is divided by o.
7
Let s = 3 + -1. Suppose 5*x - 102 = -l, -2*l - 37 = -s*x + 11. Suppose 0 = 2*o - 3*w - 42, -2*w = -o + 2*w + x. What is the remainder when 38 is divided by o?
17
Let s = -1395 - -1429. Let z = -11 - 14. Let x = z + s. Calculate the remainder when 32 is divided by x.
5
Let c(q) = 12*q - 65. What is the remainder when (-3)/(-27) + 1995/27 is divided by c(7)?
17
Let d = 22 + -5. Suppose 990 = 100*j + 57*j + 41*j. What is the remainder when d is divided by j?
2
Let d be 266/57*24/14. Suppose -3*i = 3*q - 177, -237 - 2 = -4*i - q. Let c = i - d. Calculate the remainder when c is divided by 5.
2
Suppose 6*l - 4578 = 8*l - 5*l. What is the remainder when 1556 is divided by l?
30
Suppose -6*b + 7677 = 1509. What is the remainder when b is divided by 37?
29
Let p = 29 + -38. Let o be ((-36)/8)/p*10. Suppose o*b - 364 = -2*b. What is the remainder when b is divided by 14?
10
Suppose 3*j - 2354 = -5*l, 5*j - 3872 = 49*l - 50*l. What is the remainder when j is divided by 163?
121
Let m(i) = 222*i - 247. What is the remainder when m(7) is divided by 16?
11
Suppose -4*t = d - 51, -4*t - 284 = 5*d - 9*d. Let y(h) = 2*h**3 - 9*h**2 - 16*h - 4. Calculate the remainder when y(7) is divided by d.
62
Let g be (7/(-7))/(1/119). Let r = -102 - g. Calculate the remainder when 60 is divided by r.
9
Let o(y) = -y**2 + 36*y + 111. Let l be o(38). Suppose 0 = z - l. Calculate the remainder when 115 is divided by z.
10
Suppose -4*f + 3*f = 2. Let a(g) = g**3 - 8*g**2 + 105*g - 982. Calculate the remainder when 1 + 130 - (f + 5) is divided by a(9).
40
Suppose -8*j = -7*j - 3. What is the remainder when 1165 is divided by (-30)/(-7 - j) + (2 - -3)?
5
Let y = -4930 - -5151. What is the remainder when y is divided by 104?
13
Let a(b) = 8*b - 20. Let c be a(3). Suppose -3*h = -c*s - 84, -2*h + 6*h = -5*s + 81. Let v = 37 + 31. What is the remainder when v is divided by h?
20
Let o be (5136/(-54))/(-4) + (-2)/(-9). Let s = -26 + o. What is the remainder when 55 is divided by -1 + 4 - -2 - s?
6
Suppose 5*q - 4*v - 4295 = 0, -15 = -30*v + 27*v. What is the remainder when q is divided by 17?
13
Let j = -5780 - -5896. Let r(n) = -6*n. What is the remainder when j is divided by r(-4)?
20
Let o(b) = 13*b**2 + 10*b - 2. What is the remainder when o(4) is divided by (-3)/(-36) + 10/((-1320)/(-10021))?
18
Let p = -109 + 640. Calculate the remainder when p is divided by 41.
39
Suppose 3*j - 1 + 64 = 0. Let q = j - -19. Calculate the remainder when 48 - (-16)/(-20)*5/q is divided by 13.
11
Let k(n) = 116*n + 567. What is the remainder when 3810 is divided by k(-4)?
102
Suppose 5*i + 2 + 13 = 0, -82 = -4*u - 2*i. Let o(a) = 2*a**2 + 1479*a + 15. Calculate the remainder when u is divided by o(0).
7
Let t(m) = -m**3 - 36*m**2 + 132*m - 205. Calculate the remainder when t(-40) is divided by 42.
33
Let q = -3331 + 3794. What is the remainder when q is divided by 29?
28
Let b(v) = -v**3 - 27*v**2 + 30*v + 38. Let k = -134 + 106. Let z be b(k). Let p(i) = i + 66. What is the remainder when p(z) is divided by 28?
20
Suppose 3*p + 0*p = 15. What is the remainder when ((-58)/8 - -8 - (-121)/4) + -8 is divided